- 0*j - 35. Suppose o - m = u*o. Let s(a) = a**2 - 1. Calculate s(o).
0
Let m(k) = 2 - 4 - 145*k**3 - k**2 + 144*k**3. What is m(0)?
-2
Let d = -1 - -6. Let i(a) = -594 - 596 + a + 1192. What is i(d)?
7
Let y(j) = -3*j - 4. Let v(x) = x. Let r(b) = 4*v(b) + y(b). Determine r(6).
2
Suppose 8 = 3*a + 2*o - 6, 3*o = 5*a + 2. Let w(q) = a*q - 1 + 3*q - q. Let d be 3*-2*3/18. Give w(d).
-5
Suppose 12 = 5*m + 42. Let d(y) = -2*y - 7. What is d(m)?
5
Let u(z) = 9*z**2 - 2*z + 1. Let m be 10/(-15) + (-28)/(-6). Let d(h) = -17*h**2 + 3*h - 2. Let b(o) = m*d(o) + 7*u(o). Give b(-1).
-4
Suppose -3 = -4*z + 9. Let i(c) = 4 - 4*c**2 + 2*c**2 - c**2 - z - 2*c**3. Calculate i(-2).
5
Let u be (-22)/10 + (-8)/(-40). Let w(g) = -2 + 6 + 0 + g. Give w(u).
2
Let m(y) be the second derivative of y**4/12 - y. Suppose -r + 40 = 3*r. Suppose -4*l = -r + 2. Calculate m(l).
4
Let p(w) = -w. Let u(l) = -2*l**2 - 4*l - 1. Let o(k) = -6*p(k) + u(k). What is o(1)?
-1
Let u(k) = -3 - 4 + 9*k + 323*k**2 - 322*k**2. Calculate u(-9).
-7
Let u(a) be the first derivative of 3 + 0*a**2 - 8/3*a**3 + 0*a. Determine u(1).
-8
Let f(v) = -v**3 - v**2 + v + 1. Suppose s = 8 - 10. Give f(s).
3
Let l(u) = -u**2 - 4*u + 7. Let a(k) = -k**2 + 10*k + 10. Let s be a(11). Let m = s - 4. Calculate l(m).
2
Let s(g) be the third derivative of 4*g**2 + 0 + 0*g + 1/3*g**3 - 1/24*g**4. Calculate s(5).
-3
Let h(v) = v**2 - 9 + 4*v**2 - 6*v**2 + 3 - v. Determine h(0).
-6
Let o(s) = -4*s**3 - 24*s**2 - 13*s + 9. Let q(x) = x**3 + 6*x**2 + 3*x - 2. Let v = -11 + 20. Let z(f) = v*q(f) + 2*o(f). Calculate z(-6).
-6
Suppose h + 2 = 5. Let j(d) = 6 + 8*d**3 - 1 - 4*d**h - 3*d - 1 + 2*d**2. Let l(r) = r**3 + r**2 - r + 1. Let k(i) = -j(i) + 5*l(i). What is k(-3)?
7
Suppose -6*y + 2*y + 5*g = 5, -5*g = -5. Let b(z) be the second derivative of 3*z - 3*z**2 - 1/12*z**4 + y + 0*z**3. What is b(0)?
-6
Let i(h) = 7 - 4*h + 0 - h + 4*h**2 - 2 + h**3. Suppose r + r = -20. Let k = r + 5. What is i(k)?
5
Let t(i) = 10 - 22 + 13 + 3*i - i**2. Calculate t(-2).
-9
Let z(p) be the second derivative of p**4/12 - p**3 - 2*p**2 + 16*p. Suppose -2*d + 8 = -g, d + g = 4*g - 1. What is z(d)?
-9
Let g(m) = 1 - 1 + 1 + m + 1. Suppose z = 5*n - 111, -5*z + 68 + 44 = 4*n. Suppose 4*o = 3 - n. What is g(o)?
-3
Suppose 2*g - 4*g + 6 = 0. Let o(d) = -4 + 5*d**3 - 7*d**g + 3*d**3 - 2*d + 3*d**2 + 1. Determine o(-3).
3
Suppose 22 - 7 = 5*d. Suppose 3*b - 2*b - d = 0. Let f(a) be the third derivative of -a**5/60 + a**4/12 - a**3/2 - 21*a**2. What is f(b)?
-6
Suppose -120 = -5*f + 5*h, -64 = -5*f - 4*h + 65. Suppose 5*q + r - 4 = 3*r, 5*r = -5*q + f. Let m(v) = v**2 - v - 5 + 2*v - 5*v + q*v. Give m(4).
3
Let k = 13 + -9. Let l(z) = -k + 2*z + 4*z - 5*z. Determine l(6).
2
Let a(i) = 2*i**3 + 28*i**2 + 5*i - 7. Let p(w) = -3*w**3 - 42*w**2 - 7*w + 11. Let r(g) = 7*a(g) + 5*p(g). Determine r(-14).
6
Let h(o) be the third derivative of o**5/12 + o**4/12 - 13*o**2. Determine h(-2).
16
Let a(z) = 6*z**2 + z. Let h be a(1). Let l = h - 3. Let u(n) = 6 - 3*n + 0*n - 3 + n**2. Give u(l).
7
Let m(k) = k**2 - 3*k + 3 - 6*k - 8 + 2*k. Give m(6).
-11
Let c = 16 + -23. Let h(q) = -q**3 - 7*q**2 + q + 7. Determine h(c).
0
Let p(s) = -s**3 - 6*s**2 - 1. Let j be (8/10)/(-2) - 28/5. What is p(j)?
-1
Let g(s) = -s**3 - 4*s**2 + 3*s - 4. Let d(i) = -i**3 + i**2 - i + 8. Let n be d(0). Let q be 3/12 - 34/n. Let z = -9 - q. What is g(z)?
6
Let a(l) be the third derivative of -l**6/120 + l**5/15 + l**4/12 + 6*l**2. Calculate a(4).
8
Let n = 11 - 14. Let o(q) = q**3 + 3*q**2 - 3. Give o(n).
-3
Suppose 0 = 2*j - j - 1. Suppose -2 + j = w. Let i(n) = 7*n**2 - 1. Determine i(w).
6
Let o(b) = -b**2 + 2*b - 1 - b - b**3 + 3 + 1. Calculate o(0).
3
Let i(m) be the third derivative of -m**6/360 + m**5/40 + m**4/8 - m**3/6 - m**2. Let w(u) be the first derivative of i(u). What is w(4)?
-1
Let j(d) be the second derivative of 2*d**4/3 - d**3/6 - d**2/2 + 2*d. What is j(-1)?
8
Let q(w) = -w**3 - 2*w**2 - 2 + 5*w**2 + 2*w + 0. Let y be ((-15)/3 - -2) + 1. Let z be y/(-8) + (-7)/(-4). Calculate q(z).
6
Let d be 0*(-2)/4 - 9. Let y = -4 - d. Let w(t) = -t**2 + 7*t - 7. Give w(y).
3
Suppose -9*n - 15 = 3. Let m(z) = 5*z**2 + 3*z + 1. Determine m(n).
15
Let r(h) = -13*h**3 - 19*h**2 + 10*h - 9. Let a(p) = -7*p**3 - 10*p**2 + 5*p - 5. Let k(y) = 11*a(y) - 6*r(y). Suppose -7*i + 15 = -10*i. Give k(i).
-1
Let n = 113 + -58. Suppose 6*q = q + n. Let h(d) = -16*d**2 + 26*d + 46. Let u(a) = -3*a**2 + 5*a + 9. Let v(b) = q*u(b) - 2*h(b). Calculate v(5).
-3
Let n(u) = -u**2 + 5*u - 4. Suppose 0 = 2*p - 12 + 4. What is n(p)?
0
Let i(t) = t**2 + 3 + 7*t**3 - 2*t**2 - 2 + t - 2. Give i(1).
6
Let o(z) = -z**3 + 6*z**2 + 2. Let g be (-2)/(-2) - (3 - 5). Suppose -n + 36 = 5*r - g*n, 3*r - n = 21. Give o(r).
2
Let i(r) = r**2 + r - 1. Let h(t) = 7*t**2 + 11*t - 13. Let l(c) = h(c) - 6*i(c). Let o be (0 + -7)*(-2 - -3). Calculate l(o).
7
Let t(d) = 110*d**2 - 2*d + 6 - 5*d - 56*d**2 - 53*d**2. Calculate t(4).
-6
Let w(s) = -2*s**2 + 6*s**2 - 6*s**2 + s**2 + s + 1. Calculate w(-2).
-5
Let d(i) = 0*i**3 + 53 - 46 - i**3 + 6*i**2 - i. What is d(6)?
1
Suppose -4*i + 5*i = 5*r + 7, 4*i + 5*r = 3. Let m(a) = 1 + i*a - 3 + 6. Determine m(-4).
-4
Suppose 5*b + 0*b = 30. Let q(p) = 0 - 3 - p - p**3 - 1 - b*p**2 + 0*p. Give q(-6).
2
Let v(x) = x**2 + 6*x - 5. Let c(z) = 4 - 3 - 1 - 3*z - 1. Let y be c(1). Calculate v(y).
-13
Suppose 0 = 5*y - 16 - 9. Let n(l) be the third derivative of -l**6/120 + l**5/10 - l**4/8 - l**3/6 - 2*l**2. Give n(y).
9
Let y(b) = -b**3 + 5*b**2 - 6*b. Suppose 3*h = 2*g + 16, -4*g = -2*h - 3*g + 10. Give y(h).
-8
Suppose -5*q = -3*q + 6. Let f(k) = -k**2 - 3*k - 2. Give f(q).
-2
Let h(t) = t**2 - 8*t + 7. Let z be h(7). Let v = 3 - z. Let p(b) = -2*b**v - 2*b**3 + b**2 - 3*b + 4*b. Give p(-1).
4
Let r(c) = -2*c**2 + 28*c + 4 - 37*c + 3*c**2 + 2. Determine r(5).
-14
Let h(n) = -2*n**2 - 9*n + 7. Suppose 17*g + 54 = -65. Give h(g).
-28
Let s(y) = y**3 - 11*y**2 - 4*y + 2. Let u(c) = -2*c**3 + 13*c**2 + 4*c - 3. Let f(z) = 3*s(z) + 2*u(z). What is f(-6)?
-12
Let c(z) = z**3 + 7*z**2 + 3*z - 4. Let g = 0 + -6. Determine c(g).
14
Let k(n) = n + 1. Let s be k(-4). Let b(h) = -2*h**3 + 5*h**2 + h + 1. Let u(t) = 3*t**3 - 6*t**2 - 2*t. Let i(x) = -4*b(x) - 3*u(x). Determine i(s).
-1
Suppose -3*i + 8 = i. Let h(s) = s**2 - 4*s + 3. Calculate h(i).
-1
Suppose -5*r + r = 20. Let y(q) = -3*q**2 + q - 8. Let g(o) = 2*o**2 + 1. Let s(a) = 2*g(a) + y(a). Calculate s(r).
14
Suppose -3*r - 17 = -5*a + 17, -3*a + 12 = r. Let h(g) = g - g + 2*g. What is h(a)?
10
Let o(m) be the third derivative of -m**6/240 + m**5/120 + m**4/24 - m**2. Let l(p) be the second derivative of o(p). Suppose 4*y = 6 - 14. Calculate l(y).
7
Let z be (-78)/(-21) + 2/7. Suppose 4*j = -11 - 1, -2*a + z*j + 2 = 0. Let v(w) = -w**2 - 4*w + 4. What is v(a)?
-1
Let u(t) = 8 + 19*t - 12*t + t**2 - 1. Let s(y) = 2*y + 14. Let l be s(-10). Give u(l).
1
Suppose -3*m + 0*m = -5*v - 32, 2*m - 12 = v. Let c(j) = 1 + 0 - m + 2*j. Suppose -57 + 105 = 12*q. What is c(q)?
5
Let q(j) = -j**3 + 2*j. Suppose 29 - 11 = 3*s. Suppose 4 = 5*x - s. What is q(x)?
-4
Let h(c) = -c**2 - 7*c + 4. Let b = -3 - 4. Let p be h(b). Let i be -1*8/(p/(-2)). Let d(v) = v**3 - 3*v**2 - 4*v. What is d(i)?
0
Let u = 447 - 445. Let o(i) = -i. Let m(w) = -3*w + 3. Let t(v) = -m(v) + o(v). Give t(u).
1
Let m(k) = k**2 - 5*k - 7. Let c(o) = -3*o**2 + 9*o + 15. Let w(b) = 2*c(b) + 5*m(b). What is w(-5)?
5
Let f(b) = -2*b + 1. Let p = 7 - -5. Suppose 4*l = 3*l + 2*r + 1, 3*r + p = 5*l. Calculate f(l).
-5
Suppose 2*i = 5*i + 9. Let q(r) be the second derivative of 2*r**2 + 1/3*r**4 - r + 1/20*r**5 + 1/3*r**3 + 0. Determine q(i).
7
Let i be ((-8)/16)/((-2)/(-16)). Let m(u) be the first derivative of 3*u**2/2 + 4*u + 13. Determine m(i).
-8
Suppose p - 8 = -9. Let k be (-1)/p + (-3)/(-1). Let f(b) be the first derivative of b**2 - 4*b - 1. What is f(k)?
4
Let s(o) be the first derivative of 4*o - 1 + 1/3*o**3 + 1/2*o**2. Suppose 9*z = -2*z + 2*z. Give s(z).
4
Let n(s) = -2*s - 1. Let v be n(-1). Let x = -2 + v. Let j be (x - -2)/(2/(-10)). Let w(c) = -c**3 - 6*c**2 - 2*c + 7. Calculate w(j).
-8
Let w be (5 - -3)*1/2. Let u(m) = -3*m - 4 + w*m - 3*m + 3*m. Calcul